e
Let h = 5888 - 3929. Is h prime?
False
Let l = -520 - -1013. Is l prime?
False
Let u(l) = -l**2 - 8*l + 3. Let f be u(-7). Suppose -2*w = 3*w - f. Suppose 0 = 2*g + w*z - 110 + 26, 0 = 4*g - 3*z - 133. Is g prime?
True
Let f(c) = 37*c**2 - 5*c + 5. Is f(-5) a composite number?
True
Let d(s) = -s**3 + 4*s**2 + 8*s + 10. Is d(-7) prime?
False
Suppose -2*d = -85 - 169. Is d a composite number?
False
Suppose -r - 6 = 2*r, -2*g - r = -372. Is g prime?
False
Let p(f) = -f**3 - 5*f**2 + 6*f + 2. Let q be p(-6). Suppose 0*n - 2*n = 5*v - 195, -5*n = -q*v + 49. Is v a composite number?
False
Let v = -14 + 15. Is (-1 - v)/(2/(-15)) composite?
True
Let g(t) be the second derivative of t**3/6 - 3*t**2/2 - 4*t. Let s be (7/(-4))/(1/(-4)). Is g(s) composite?
True
Let f be (-3)/6*(0 + 0). Suppose 0 = 2*l + 4*o - 48, 0 = 3*l - f*o - 3*o - 45. Suppose -l + 192 = 3*j. Is j composite?
True
Let h = -137 + 298. Suppose -42 - h = -z. Is z a composite number?
True
Let r(n) = -n + 3. Let o be r(0). Let g = -3 - -7. Suppose -p = -g - o. Is p prime?
True
Suppose 5*x + 442 = 2587. Let y = 686 - x. Is y composite?
False
Suppose 0 = d + 2 - 12. Suppose t + 485 = 3*v, 5*t + 0*t + d = 0. Is v composite?
True
Suppose 0 = 6*l - 13 - 5. Suppose -l*t + 160 = -842. Is t prime?
False
Suppose -a + 3*a + 4*i = 26, -4*a + 22 = 2*i. Suppose -2*y + 5*v - 95 = -553, 0 = y + a*v - 251. Suppose 3*m - 193 = 5*c + 49, -3*m = -2*c - y. Is m prime?
True
Let m(h) = 87*h - 2. Is m(3) prime?
False
Suppose p = 5*s - 33, -p - s = -0*p + 3. Let i(t) = t + 10. Let k be i(p). Is -1 - (k - 11) - 2 composite?
True
Suppose -10 = -y + 3*x - 4*x, -3*y + 2*x + 30 = 0. Let d = y + -19. Is (-15 + 1)*d/6 composite?
True
Suppose -3*y = -b - 1340, 4*y + 7*b = 3*b + 1760. Is y composite?
True
Let k be (1 - 7) + (-3)/3. Is (-369)/k - 4/(-14) composite?
False
Suppose 0 = -2*a + 5*c + 576, -2*a + 2*c = -2*c - 580. Is a composite?
True
Let r be -2*((-85)/(-2) - 1). Let i = 228 + r. Is i a prime number?
False
Let m be (3/(-2))/(6/32). Is m/4 - (-69)/1 composite?
False
Let b = -45 - -158. Is b prime?
True
Let g(z) = -z**3 + 8*z**2 - 6*z - 4. Let m be g(7). Suppose 2*s + 3*s = -m*u + 70, 4*s = u + 56. Suppose 0 = 2*d - 3*d + s. Is d prime?
False
Suppose -3*w + 4*z + 8 = -5, 4*z + 21 = -5*w. Let t = w + -16. Let a = t - -27. Is a a composite number?
True
Let l(c) be the first derivative of 3 + 0 + 0*c**2 + 3*c**2 + 4*c - 3*c. Is l(5) a prime number?
True
Is (52/6)/(14/609) a composite number?
True
Let o(s) = -4284*s**3 - 2*s**2 - s. Is o(-1) composite?
False
Let n(j) = -6*j - 9. Is n(-10) prime?
False
Let i(z) = z**3 - 8*z**2 + 10*z - 7. Suppose 4*t = 5*n + 20, -5*t + 4*n - n + 25 = 0. Suppose t*g + 10 = 0, 2*q - 5*g - 1 = 23. Is i(q) prime?
False
Let j(v) = v - 7. Let h be j(8). Let k be h - (-5 + 0 + 2). Suppose 7 = 2*i - 4*y - 5, k*y - 86 = -5*i. Is i a prime number?
False
Let u = -76 - -271. Suppose 0 = -2*i - 3*i + u. Is i prime?
False
Let r(b) be the third derivative of 17*b**4/24 - b**3/6 + 2*b**2. Is r(7) a prime number?
False
Let v(t) = 48*t - 2. Let w(o) = -97*o + 3. Let c(y) = 5*v(y) + 3*w(y). Is c(-5) a composite number?
True
Suppose 2184 + 1000 = -5*p - w, -4*p - 3*w - 2556 = 0. Is p/(-10)*10/4 prime?
False
Let b(n) = 0 + 93*n**2 + 0*n + 2*n - 1. Let p be b(1). Suppose -2*k + 2*x + p = -0*x, 5*k - 239 = 3*x. Is k a composite number?
True
Let h(v) = v**2 + v - 1. Let b be h(2). Suppose 10*p = b*p + 55. Is p a composite number?
False
Let t(p) = -3*p**3 + 4*p**2 + 3*p + 9. Is t(-5) composite?
True
Let v = 250 + 157. Is v a composite number?
True
Let j = -6 - -10. Is ((-12)/j - -40) + 2 a prime number?
False
Let k(z) = 4*z**2 + 2*z + 1. Let r be k(-1). Suppose 0*w + 95 = h + 5*w, -r*h + 2*w = -268. Let u = 155 - h. Is u a prime number?
False
Let s(c) = -52*c**3 + 7*c**2 + 4*c. Let u(p) = -51*p**3 + 6*p**2 + 3*p. Let n(f) = 4*s(f) - 5*u(f). Let j be n(1). Is (-3 - j/4)*-6 prime?
False
Suppose 2*r = -3*y - 0*y - 34, -2*r + 8 = 0. Let n be (-4)/y - 794/(-14). Suppose 5*b = -2*w + 59, -4*b = -4*w + 103 + n. Is w composite?
False
Let u = 157 - 398. Suppose 5*h + 317 = -2*y, -3*y + 3*h + 109 = 574. Let z = y - u. Is z composite?
True
Let r = 0 - -3. Let w(l) = 16*l**2 - 3*l + 4. Let p be w(r). Suppose 33 - p = -2*a. Is a a prime number?
True
Suppose -3*m = m - 2252. Let s = 1334 + m. Is s composite?
True
Let k = 9 + -7. Is 23 - k*1/1 a composite number?
True
Let d = 1522 + -1064. Let w = -247 + d. Is w a composite number?
False
Let o = 57 - -71. Let y(u) = -u**2 - 4*u + 5. Let a be y(8). Let j = o + a. Is j composite?
False
Let v be (-3)/(-6)*30/3. Suppose -k - 211 = t - 3*t, -v*k - 320 = -3*t. Suppose t = 2*i + 3*i. Is i a prime number?
False
Suppose 0 = -0*l + 3*l - 15. Let o be (l + -1)/(4 + -5). Is (-38)/o + (-6)/(-4) composite?
False
Is (-183)/(-2)*(-3 + 5) composite?
True
Let s be (-2 + 3)*(-1)/1. Is s/6 - 1795/(-6) prime?
False
Let s = 255 - 2. Is s prime?
False
Suppose q + q - 6 = 0. Suppose q*o - 4*h - 129 = 0, -5*o = -0*o + h - 238. Is o a composite number?
False
Suppose n - 4 = -0*n. Suppose -186 = -5*b + 2*k + 73, 2*k = n*b - 206. Is b a composite number?
False
Is (-1)/(-1 + 48/49) a composite number?
True
Let n = 80 - 159. Let t = n - -113. Is t a prime number?
False
Suppose -1840 = -5*v + 3*i, 0 = 4*v + 4*i - 1924 + 420. Is v a prime number?
False
Let b(x) = 4*x**2 - 5*x - 7. Is b(-5) a prime number?
False
Let h be 1/4 - 22/(-8). Suppose h*m - 5*n = 104 + 165, 10 = 2*n. Suppose q + 381 = 5*u, -5*q + m = 4*u - 230. Is u a composite number?
True
Suppose -5*y - 443 = -6*y - 3*v, 5*y = 5*v + 2135. Is y prime?
True
Let o(s) = s**3 - 13*s**2 + 12*s + 7. Let b(r) = -r**3 - 10*r**2 - r + 3. Let x be b(-10). Is o(x) a prime number?
True
Suppose -10 = -3*n - 1. Suppose 3*x = -x + n*y + 2576, -3*y = -5*x + 3217. Is x prime?
True
Suppose -2*r = -4486 - 2068. Is r prime?
False
Let y(c) = -4*c - 8 + 2*c + 3*c + 45. Is y(0) composite?
False
Let k = 26 - 8. Suppose -5*u + k + 247 = 2*g, 75 = u - 4*g. Is u prime?
False
Let y = -739 + 1109. Suppose -k + y = k. Is k composite?
True
Let r(z) = 4*z**3 - 9*z**2 + 1. Is r(6) composite?
False
Let v(i) = -i - 1. Let t(d) = 116*d + 1. Let r(x) = -t(x) - 3*v(x). Is r(-3) a composite number?
True
Let a = 13 - 8. Let l be -3 - (0/1 - 5/1). Suppose a*z = l*z + 573. Is z composite?
False
Let u = -134 + 867. Is u composite?
False
Let i(b) = -9*b**3 + 2*b**2 + 3*b + 1. Let d be i(-4). Let p = d + -341. Suppose p + 218 = 3*z. Is z composite?
True
Is 769/((-6 - -2)/(-4)) prime?
True
Suppose j - 7637 = -1968. Is j a prime number?
True
Let v be ((-12)/8)/(1/(-2)). Suppose 4*f = 0, -14 = 5*j - 3*j + v*f. Is (-2)/(-4)*(j - -141) a composite number?
False
Suppose 134 + 178 = 3*k. Is 1/5 + k/5 composite?
True
Suppose -2*k - k = -15. Let y(t) = 11*t. Is y(k) prime?
False
Suppose -4*d - d - f = 0, 0 = 3*d - 3*f. Suppose z + d = -2. Is 1/(1*z/(-14)) prime?
True
Let s = 11 + -20. Let v = s + 24. Is v prime?
False
Is (1*-1)/(4/(-236)) a composite number?
False
Let d(t) = -t**3 + 10*t**2 + 9*t - 13. Let m = 23 + 2. Suppose 0 = l + l + 5*i + 5, l - m = 3*i. Is d(l) a composite number?
True
Suppose -4*t - 384 = 264. Let u = 317 + t. Is u prime?
False
Let t be (-6)/8 - 59/(-4). Let i = t + -1. Is i a prime number?
True
Let p = -2 - 0. Let x be (p + 3)/((-2)/(-166)). Let k = x - 48. Is k composite?
True
Suppose 0 = 2*s + f + 3*f - 942, 3*f + 12 = 0. Is s a composite number?
False
Suppose -5*g = -l - 28, -3*g + 17 = g + l. Suppose 0 = -4*x + 5*k + 3, 0 = -7*x + 4*x + g*k + 1. Suppose x*q - 6 = 14. Is q a prime number?
False
Let h = -5 - -8. Suppose 2*p - 102 = -4*b, -2*p + h*b + 162 = p. Is p a prime number?
True
Suppose 0 = 4*j - 5*q + 11 - 3, j + 3*q + 2 = 0. Is 10 - j*(-4)/(-8) composite?
False
Let r be (1/(-3))/(9/(-4428)). Suppose -r = -3*q + 3*o + 2*o, 2*o + 55 = q. Is q a composite number?
False
Let w = -3 + 4. Let b be w - (-1 - (-1 - -1)). Is 2*(79/b + 0) a composite number?
False
Let j = 13 + -9. Suppose j*g = -156 + 1920. Suppose 2*t = g - 143. Is t prime?
True
Suppose 8 = 3*r + 53. Let h = r - -36. Is h a prime number?
False
Let u = 13 - 8. Suppose 4*z = u*z - 31. Is z a composite number?
False
Suppose 0 = -4*b + 17 - 1. Suppose -b*f - 2*z + 271 = -f, -5*z = -f + 79. Is f a composite 